 4*v**2 + 4*v + 1. Let b(n) = -n**3 - n**2 + n. Let s(c) = a(c) - 3*b(c). Let h be s(1). Suppose -h = -7*j + 2364. Is j prime?
False
Suppose -3*d + 87730 + 270737 = 0. Is d a composite number?
False
Suppose 91*y = 5899530 + 14512316. Is y prime?
False
Suppose 0 = -2*n - 5*r + 32, n - 4*r = -0*n - 10. Is 6/(-12) - (-1077)/n composite?
False
Suppose 0 = 2*c - 4 - 4. Is (-336378)/105*(-10)/c a prime number?
True
Let i be -18 + 19 - 2/(-1). Suppose 5*j = 3*x + 419668, -i*j - 3*x + 251804 = -8*x. Is j prime?
True
Let i be (-3)/(-4) - 15/(-12). Let j(f) = -13*f**2 - 3 - 20*f**i + 46*f**2 + 3*f. Is j(-5) composite?
False
Let i = -284 - -274. Suppose 0*s - 1532 = 4*s. Let g = i - s. Is g a prime number?
True
Let s = 49 - 44. Let h(r) be the first derivative of 11*r**4/4 - 12*r - 30. Is h(s) a prime number?
False
Let n(a) be the third derivative of -17*a**4/24 + 27*a**3 - 293*a**2. Is n(-43) a composite number?
True
Let a(z) = -z**3 - 13*z**2 - 13*z - 9. Let o be a(-12). Suppose 9 = 4*m + o*n, 0*n = m - 4*n + 12. Suppose 2*l + m*l = -j + 315, -l - 2 = 0. Is j prime?
False
Let d be ((-15)/(90/400956))/1. Is d/(-18) + ((-384)/(-54))/16 a composite number?
True
Is (0 + -140023)/(268 + -269) a prime number?
False
Is (16 + 44219 + -17)*((-3)/(-2) - 1) a prime number?
True
Suppose 3*i = 6, 2*j - 1059 = 4*i - 67. Suppose -3354 - j = -2*u. Is u a composite number?
True
Let j(u) = -14 - 3*u - u + 23 + 3*u. Let w be j(5). Suppose w*f - 1824 = -2*d - d, -5*f = -d - 2261. Is f composite?
True
Suppose -5*h = 7 + 13. Let d = -10 - -7. Is d/(-6) + (-146)/h composite?
False
Suppose 0 = -3*h - h + p + 44, 4*p + 26 = h. Suppose h*z + 9899 = 29*z. Is z a composite number?
False
Suppose -4*u + 3*k = -k - 4, 0 = 4*u + 4*k - 36. Suppose -4*z + p + 964 = u*p, -p - 231 = -z. Let q = z + -79. Is q a prime number?
True
Suppose 4*i = 2*p - 44, -105 = -5*p + 3*i + 2*i. Let o = 403 + 1043. Suppose 0 = 2*j - o + p. Is j a composite number?
True
Suppose -8*j + 17 = -183. Suppose 0 = -5*a + j - 5. Suppose 2*w = i - 1693, -a*w + 2*w = 2*i - 3374. Is i a composite number?
True
Let r(p) = p**2 + 3*p - 4. Let x(c) = -c - 9. Let w be x(-10). Let k be r(w). Suppose 3*s + 0*f - 3*f = 933, -s - 4*f + 311 = k. Is s composite?
False
Let h be -32 - (-2 + -3 + -3). Is 22 + h - (1 + (-2322 - 2)) prime?
False
Let g be 4 - (-1 + 3) - -480. Let b(i) = 2*i**2 - 22*i - 44. Let h be b(18). Let j = g - h. Is j a prime number?
False
Is (-1)/(-14) + 840429912/784 prime?
True
Let b be (-3)/(1 + 3 + -5) + -2. Suppose -j + b = 19. Let k(a) = -175*a - 71. Is k(j) a prime number?
True
Let h = 75 - 72. Suppose 604 = -q + z, z - h*z = 0. Let j = q + 1158. Is j prime?
False
Let v be 3 + -6 + (0 - -1). Let x be -4 - (v/3)/(4/1632). Let d = x + 1273. Is d composite?
True
Let t = -109 + 113. Suppose t*a = -8*a + 10884. Is a a prime number?
True
Let y(g) = -g**2 + 7*g - 7. Suppose 67 = -2*v + 77. Let c be y(v). Suppose -c*a - 2*x = -2671, -a + x + 873 = 6*x. Is a composite?
True
Let j(p) = -2*p**2 + 3*p + 2059. Let n be 6/30*(4 + -4). Is j(n) prime?
False
Suppose 4*t - 1439573 = 2*t - 17*t. Is t a composite number?
False
Suppose 0 = k - 9*k + 64. Suppose -6284 = -4*t - k. Suppose 388 = o - 5*j, 2*j + j + t = 4*o. Is o a prime number?
False
Let v be (184/(-4))/(2/26). Let q = v + 1163. Is q a composite number?
True
Suppose -14 = -3*s - 11. Let f be 18 + -13 - (s*-4)/(-2). Suppose -g - 2*m = -875 - 1908, -5*m - 8360 = -f*g. Is g prime?
False
Suppose -3*q = 3*p + 2 + 1, q + 4*p = -13. Suppose 16*s - 58253 = q*s. Is s prime?
True
Let q(p) be the second derivative of -865*p**5/4 + p**4/4 + p**3 + 3*p**2/2 - 161*p. Is q(-2) a prime number?
True
Suppose -5*w + 8285 = -10*w. Let c = -911 - w. Let n = 1123 - c. Is n a prime number?
False
Let b(d) be the third derivative of d**4/24 - 15*d**2. Let f be b(9). Suppose -1570 = -f*w - w. Is w composite?
False
Suppose 111492 = 24*h - 68460. Suppose 0 = 2*m - h - 84. Is m a composite number?
True
Suppose 2005792 = -10*n + 42*n. Is n a prime number?
False
Let n(g) = -25*g**3 + 3*g**2 + g - 5. Let t be n(-4). Suppose -5*a + t - 334 = 0. Let i = a - 95. Is i composite?
True
Suppose 0 = -2*u - 101 + 1403. Let q = u + 4070. Is q prime?
True
Let u(h) = -516*h - 11. Let a(o) = -2*o**2 + 14. Let g be a(3). Is u(g) prime?
True
Suppose 165*s = 169*s - 59796. Suppose 4*p = -4607 - s. Let l = -3343 - p. Is l a prime number?
False
Let d = -50 + 52. Suppose 7*r = d*r - 75. Let u(a) = a**3 + 18*a**2 + 7*a + 16. Is u(r) prime?
False
Suppose 15*y + 9036 = 13*y - 3*w, 0 = -3*y - 4*w - 13552. Let g(o) = 244*o**3 - 2*o**2 - o - 4. Let z be g(3). Let v = z + y. Is v a composite number?
True
Let d(s) = 13406*s + 745. Is d(23) prime?
True
Suppose -3*d = -4*d. Let x = -575 + 583. Suppose d*c - x*c = -4216. Is c prime?
False
Let c(h) = -h**3 + 11*h**2 + 12*h - 1. Let f(r) = -r - 15. Let q be f(-14). Let t be 0*(0 + q) + 9. Is c(t) composite?
False
Suppose 313*o - 306*o = 681569. Is o composite?
False
Suppose -6*c + 5113 = -64355. Suppose 2*t - 5943 = 4*i - 1317, -5*t + c = 3*i. Let u = 3270 - t. Is u a composite number?
True
Let m(g) = 22631*g + 624. Is m(17) a composite number?
False
Suppose 0 = 58*a - 2517930 + 809092 - 2282200. Is a a prime number?
False
Suppose 2*y = 6 - 0. Suppose 6*s + 28 = 46. Suppose -2*n + 266 = 4*p, s*n = y*p - 97 + 451. Is n composite?
True
Let d(v) = -16829*v**3 + 6*v + 14. Is d(-3) prime?
True
Suppose 114*w - 152*w + 1556974 = 0. Is w composite?
False
Let w be (-3 - 273/(-9))/((-15)/(-765)). Suppose 329231 = -1387*f + w*f. Is f prime?
False
Let l(v) = 4410*v - 1369. Is l(14) a composite number?
True
Let g(u) = 7*u**2 + 7*u - 12. Let y be g(23). Suppose 0 = -6*p + y - 1320. Is p a prime number?
False
Let y(l) = -1 - 499*l + 89*l - 374*l - 8. Is y(-4) prime?
False
Let b(h) = -218*h - 11. Let p(n) = 3*n**2 - 29*n - 1. Let i be p(7). Let o = -62 - i. Is b(o) a prime number?
False
Suppose 0 = -5*g - 0*g - 15. Let s = -2 - g. Is (10*2)/(1/74) + s prime?
True
Let t(w) = 6222*w - 961. Is t(60) prime?
False
Let j be ((-2)/7 + (-9)/42)*0. Let p be j - (-1)/((-1)/(-158)). Suppose -q = -5*v + 806, 0 = -v - 0*v - 3*q + p. Is v prime?
False
Suppose 395 = -5*y - 3*w, -y = -2*y - 3*w - 91. Is -3*(-1)/3 - y composite?
True
Let j = 12 - 9. Let c be j*(-1 - (-5)/3). Suppose 0 = -2*d - c*t + 510, 3*d - 224 = t + 557. Is d prime?
False
Let o(j) = -16*j + 14. Let u be o(-4). Let i = 82 - u. Is (-1)/4*-647*i prime?
True
Suppose -19*u = -10*u - 189. Suppose 24*i - 15 = u*i. Suppose -4*s + 1886 = i*f, -2*s + s + 463 = -3*f. Is s a composite number?
True
Suppose 1757607 = -1536*n + 1567*n. Is n a prime number?
False
Suppose -6*s + 14 = s. Suppose s*i + 43 = 717. Is (-1)/(-1 - (-336)/i) a composite number?
False
Let y(g) = -14 + 5*g**2 + 19*g**3 + 736*g - 741*g + 66*g**3. Is y(5) prime?
True
Let w = -762 - -2521. Is w prime?
True
Is (40826/4)/(2/4) + (-298 - -298) composite?
True
Let p(z) = 9*z + 102. Let l be p(-11). Suppose l*y - 14*y + 9383 = 0. Is y composite?
False
Let p(g) be the first derivative of 2653*g**2/2 + 169*g - 157. Is p(6) a composite number?
False
Is (69 - 7356)*(3 - (3 + 1)) + -8 prime?
False
Let l(d) be the third derivative of 2*d**5/3 - d**4/2 - 235*d**3/6 - 12*d**2 - 3. Is l(-21) composite?
False
Suppose 2*d + d - 76 = -z, -4*d = 3*z - 108. Let p be (2/16*10)/(3/d). Suppose -11 = p*v - 1121. Is v prime?
False
Let u be 2*(-1 + (-15)/(-5)). Let w = 8 - u. Is (-10)/40 + 3005/w a composite number?
False
Let b(p) = -3*p**3 - 7*p**2 - 9. Suppose -w - 5 = -9*j + 13*j, w = -5*j - 3. Is b(w) composite?
False
Let n(p) = 8*p**3 - 19*p**2 + 2*p - 28. Let g be 2/(-17) - (-3)/((-102)/(-310)). Is n(g) composite?
False
Let p = -222 - -237. Suppose p*r - 57871 + 7396 = 0. Is r composite?
True
Let d(p) = -371*p - 36. Let n(l) = 373*l + 36. Let w(x) = 3*d(x) + 2*n(x). Is w(-5) composite?
True
Suppose 13713901 = 106*m - 17928477. Is m prime?
True
Suppose -2*h - 28 = -9*h. Let v be ((-38)/(-4))/(2/h). Is (v/38)/(-1*2/(-2908)) a composite number?
False
Suppose 12*q + 9425 = 77*q. Is q composite?
True
Let q(y) = 10*y**2 - y - 1. Let b be q(2). Suppose 0*v - 28 = -5*t + v, 4*v + b = 5*t. Let g(a) = 3*a**3 + 4*a**2 - 14*a + 14. Is g(t) a composite number?
False
Let q be (62 + -32)*1/2. Is q + (-115178)/